19 = 160881. What is the units digit of g?
0
Suppose -90916 = -59*n + 124965. What is the hundreds digit of n?
6
Suppose -3*o - 4*q - 35 - 9 = 0, -5*q - 46 = 3*o. Let a(j) = j**2 + 4*j - 13. Let i be a(-6). What is the units digit of 38*i*o/8?
7
Suppose 5*c + g + 22 = -0*c, 13 = -2*c + g. Let r be (6/4)/(1/(-106)). What is the tens digit of (-5 + 1 - c)*(-1 - r)?
5
Let v(q) = q**2 - 5*q - 9. Let h be (5/3)/(4/12). Suppose -h*w + 3*w = 12. What is the tens digit of v(w)?
5
Suppose -559*i - 42 = -556*i. Let n(c) = -47*c + 4. What is the units digit of n(i)?
2
Suppose -l - 5*f = -14, l + f - 1 = 5. Let r be (-642)/(-27) - 4/(-72)*l. Suppose -3*a = -69 - r. What is the units digit of a?
1
Suppose 364 = 10*v - 316. Let c be 3*(2 - 1) - 19. Let j = v - c. What is the tens digit of j?
8
What is the thousands digit of (168/30)/((-23)/(-270480))?
5
Suppose 3*c + 8 = -4*m, -5*c + 0 = 3*m - 5. Suppose 684 = -5*v + 7*v + c*g, -3*v + 1022 = 2*g. What is the tens digit of v?
4
Suppose 0 = 2*y + 2*y - 4, -h + 20 = 4*y. Let l = h + -38. Let v = 37 + l. What is the tens digit of v?
1
Let z(n) = 469*n - 593. What is the hundreds digit of z(17)?
3
Let k(o) be the first derivative of 12*o**2 + 2*o - 7. Let f(p) = 3*p**3 - 19*p**2 + 7*p - 4. Let r be f(6). What is the units digit of k(r)?
0
Suppose s = 2*v + 680 + 1379, -v + 8173 = 4*s. What is the thousands digit of s?
2
Let a(k) = 8*k + 147. Suppose -3*q - i + 106 = 0, 11*q - 16*q - 2*i + 177 = 0. What is the units digit of a(q)?
7
Let o = 1988 - 1924. Let a(i) = -4*i + 10. Let f be a(-7). Suppose -y = -o - f. What is the tens digit of y?
0
Let i be 25/(-200) - (-19153)/8. Let g = i + -1417. What is the tens digit of g?
7
Let s(m) = -183*m - 39. Let y be s(-11). Suppose -33 = -9*n + y. What is the units digit of n?
3
Let q = -1873 - -1088. Let b = 873 - q. What is the tens digit of b?
5
Suppose 0 = -j - 10*j + 55. Suppose z - 2*r + 480 = 2*z, -j*r = -4*z + 1946. What is the tens digit of z?
8
Let p(t) = t**3 - 8*t**2 - 61*t - 32. What is the hundreds digit of p(21)?
4
Let g be (-9)/(-3) + -5 - -110. Suppose -133 + 3914 = 19*h. Let c = h - g. What is the units digit of c?
1
What is the ten thousands digit of 43021 + -13 + -7 + 17 - -11?
4
Suppose -2*z = 6*z + 72. Let j(r) = -r**3 - 10*r**2 - 8*r - 1. Let t be j(z). What is the units digit of ((-55)/t)/(2/12)?
3
Let m = 7384 - 278. What is the tens digit of m?
0
Let q(j) = 9*j + 5. Let a(s) = -2*s**3 + 12*s**2 + 4*s + 24. Let z(o) = o**3 - o. Let t(i) = a(i) + 3*z(i). Let y be t(-12). What is the units digit of q(y)?
3
What is the thousands digit of (40/(-10) + 2480)/((-8)/(-10))?
3
Let z be 3 + -3 - (3 + (-11 - -4)). Suppose -4*u - 444 = -0*w - z*w, 3*u = -12. What is the tens digit of w?
0
Suppose 6*a - 7 = 17. Suppose 2*u + 1628 = 3*h + u, -2164 = -a*h - 2*u. Suppose 0 = -2*x + 3*i + h, 5*x + 2*i = 575 + 761. What is the tens digit of x?
6
Suppose 2*w = -5*u + 4792, -2*u + 1900 = -0*u + 5*w. Suppose 6 = -2*y + 22. Suppose -y*v = 264 - u. What is the units digit of v?
7
Let n(p) = -p**2 - 3*p + 12. Let f be n(-5). Suppose 2*z - 3403 = w, 0 = -3*z - f*w + w + 5117. What is the units digit of z?
4
Suppose -3*z + 10 = -5, 18 = 4*y + 2*z. Suppose 5*n + 4*o - 592 = 0, -3*o - 583 = -5*n - 4*o. What is the units digit of (n/6)/(y*2/6)?
9
Suppose 7*j = 4*w + 11*j - 6472, 0 = 2*w - 3*j - 3236. What is the tens digit of w?
1
Suppose 3*i + 5*w = 0, w = -i + 4*w + 14. Let s be 696/(-10)*4/(-6)*i. Suppose 0*g = 2*g - s. What is the tens digit of g?
1
Suppose -11*x = 95*x + 32529 - 931197. What is the units digit of x?
8
Let k(l) = 828*l + 1425. What is the thousands digit of k(75)?
3
Let x be 6/33 - (-19)/(3135/20430). Let l be 1*-13 + (-3)/3. What is the units digit of x/(6*(-2 - l/6))?
2
Suppose -h - h + 4 = 0. Suppose -6*z = -h*z + 32. What is the units digit of ((-27)/3)/(-3) - z?
1
Suppose -49*x + 672 = 84. Let o(f) = -85*f. Let z be o(2). What is the tens digit of x/(-20)*z/2?
5
Let r = 153371 + -100524. What is the tens digit of r?
4
Suppose 3*u - 2*v + 4 = 1, -5*u - 5 = 4*v. Let o be (u/2)/(1/(-42)). What is the tens digit of ((-476)/o)/(2/(-15))?
7
Let p = -577 - -633. Suppose p*b = 4876 + 18476. What is the tens digit of b?
1
Let j be (2 - 0) + -1 - 2. Let n(b) = -3*b**3 - b**2 - 2*b - 2. Let o be n(j). Let h(i) = 43*i**2 - 2*i - 1. What is the tens digit of h(o)?
6
Let g = 2 + 15. Suppose -14*w = -g*w + 1593. What is the tens digit of w?
3
Let n(m) = -2*m**2 - 10*m + 1. Suppose 2 + 14 = x - 5*c, -5*c = 3*x + 52. Let d(v) = v**2 + 12*v + 22. Let j be d(x). What is the units digit of n(j)?
1
Suppose -2*t + 15455 = 5*u, 0 = -3*u + 2*t + 6067 + 3206. What is the thousands digit of u?
3
Let n be -1 + -9 + 4 + -4. Let d(i) = 7*i**2 - 3*i - 20. Let x be d(4). What is the tens digit of (-596)/n - 48/x?
5
Let o(z) be the second derivative of z**4/12 - 32*z**3/3 - 3*z**2/2 - 107*z. What is the tens digit of o(-14)?
8
What is the hundreds digit of (6*5/60)/(1931614/(-160968) + 12)?
2
Let j(r) = r**2 - 28*r + 167. Let q be j(7). Suppose 0 = 5*o + q, -5*o - 185 = -5*s + 150. What is the tens digit of s?
6
Let n(j) = 3*j**2 - 39*j - 1. Suppose 2*t - 4*c - 36 = 0, 3*t + c - 123 = -2*t. What is the units digit of n(t)?
1
Let b = 194 + -192. What is the units digit of -2 - ((7 - b) + -212)?
5
Suppose 0 = n + 4*t - 28, -4*n = -5*t - 0 - 7. Let l(x) be the second derivative of 13*x**3/6 + 4*x**2 + 11*x. What is the hundreds digit of l(n)?
1
Suppose -6*a = 17*a - 69. What is the tens digit of (30/(-25))/(a/(-3150))?
6
Let q(u) = u**3 - 10*u**2 - 6*u - 22. Let a(t) = -10*t - 39. Suppose -6*l = -4*l + 10. Let m be a(l). What is the tens digit of q(m)?
3
Let k(u) = -u + 13. Let b be k(11). Suppose 3*x + b = 8. Suppose 2*t - x*n + 4 = 6*t, 13 = 3*t - n. What is the units digit of t?
3
What is the hundreds digit of -1 + 10/6 - 104594847/(-1719)?
8
What is the ten thousands digit of (-704)/112 - (-2)/7 - -11576?
1
Suppose -z + 4 = 2, 3*z - 21 = -3*v. Suppose -427 + 2878 = 5*x - 3*w, v*x = -2*w + 2466. What is the hundreds digit of x?
4
Let v be (109 + 2 + 0)*(-28)/28. Let d be -4 - -119 - 0/1. Let f = d + v. What is the units digit of f?
4
Let j be (12/(-8)*1)/((-9)/12). Suppose j*x - 822 = -5*z, -5*z + 5*x + 850 = -0*z. Suppose -5*u - z = -781. What is the units digit of u?
3
Let y = 54246 + -15977. What is the tens digit of y?
6
Let f = 160 + -156. Suppose 15 = -4*s + s, -747 = -f*t - 5*s. What is the tens digit of t?
9
Let q(d) = 33*d**2 - 3*d + 3. Let k be q(1). Suppose 0 = -3*w - 3*o + k, -w + 50 = 4*w + 4*o. Suppose w*v = 12*v - 1188. What is the hundreds digit of v?
1
Let r be (-3)/(-8) + 169/104. Suppose -157 = -f - 2*j, -r*j - j = 4*f - 603. What is the tens digit of f?
4
Suppose 0 = 14*r - 4*r - 239975 - 152425. What is the hundreds digit of r?
2
Let s be (-5 - -6) + -1 + 2. What is the hundreds digit of s/(-8) - (-4)/((-48)/(-1887))?
1
Suppose -167 = -8*j - 47. Suppose 2*w - 5 = j. What is the units digit of 722/w - 2/10?
2
Let a(k) = -132*k**2 - k + 13. Let j(t) = -396*t**2 - 4*t + 37. Let i(h) = 8*a(h) - 3*j(h). What is the tens digit of i(2)?
2
Let x be (1/(-2))/((-7)/(-210)). Let o(f) = -f**3 - 16*f**2 - 16*f - 13. Let c be o(x). Suppose -c*m = 18 - 60. What is the tens digit of m?
2
Let d(t) = t**2 - 2*t - 36. Let r be d(-7). What is the hundreds digit of 10254/r - 2/(-9)?
3
Let t(m) = -42*m**2 + 2*m - 1. Let s be t(1). Let v = 72 - s. What is the hundreds digit of (3 - 2 - 2) + v?
1
Let b be (0 - -1)*(-2 + 22). Let r(v) = -v**3 + 13*v**2 - 15*v + 41. Let u be r(12). Suppose -3*x = -u*n - 6*x + 185, -4*x + b = 0. What is the tens digit of n?
3
Let y be ((-4)/6)/(-8 + (-10262)/(-1281)). Let a = 186 + y. Suppose 238 + a = 3*m. What is the units digit of m?
1
Let t = -4166 + 6316. What is the units digit of t?
0
What is the hundreds digit of (-288)/(14 + 10)*(-596)/6?
1
Let n(o) = 3*o**3 - 14*o**2 + 9*o + 13. Let r be n(9). Let f = r - 130. What is the tens digit of f?
1
Let y = -407 + 650. Let s be ((-12)/14)/((-1 + 2)/(-14)). Suppose -y = -s*f + 417. What is the tens digit of f?
5
Let x(g) = 3*g**3 + 198*g**2 + 73*g - 93. What is the thousands digit of x(-65)?
7
What is the thousands digit of (7639 - -8) + 0 - -4?
7
Let y(l) = 17*l**2 + 6*l - 3 - 4*l + l**3 + 8 + 3*l. W